28
In base 15, what is -11b + cb3?
b97
In base 8, what is -164721342 - 3?
-164721345
In base 3, what is -12001002222102201112 + 2?
-12001002222102201110
In base 3, what is -10022112 + -20200211?
-101000100
In base 3, what is -22 - -110211211121?
110211211022
In base 10, what is -337 + 10166?
9829
In base 15, what is -2722e2a - 1e?
-2722e49
In base 4, what is 3313 + 13031301?
13101220
In base 6, what is -142535 - 42304?
-225243
In base 13, what is -3 + -10889475?
-10889478
In base 2, what is -11 + 10110110011110100010001101?
10110110011110100010001010
In base 3, what is -112000211 + -12021?
-112020002
In base 16, what is 4 - 677692?
-67768e
In base 12, what is -16708891 + 9?
-16708884
In base 3, what is -1201222020121 - 10111?
-1201222101002
In base 6, what is 1 - -1112251210?
1112251211
In base 7, what is 2 + -61304031?
-61304026
In base 8, what is 55 + -21714562?
-21714505
In base 3, what is 12002000 + 2221120112?
10010122112
In base 14, what is 19390d01 - 0?
19390d01
In base 15, what is -d7203 - -3?
-d7200
In base 11, what is 18a32953 - -1?
18a32954
In base 13, what is -930 - c01a?
-c94a
In base 4, what is -2 + 1333121013?
1333121011
In base 8, what is 21344 + 654?
22220
In base 10, what is 6883 - 1303?
5580
In base 4, what is -2310323200 + -3?
-2310323203
In base 9, what is -234 - 4840?
-5174
In base 16, what is -e + -1c5a8a?
-1c5a98
In base 14, what is 117 - 4361?
-4248
In base 6, what is 3 - 234010441?
-234010434
In base 14, what is 38b + -79215?
-78c68
In base 16, what is -4767 - -52e?
-4239
In base 13, what is -28cbb3 - -23?
-28cb90
In base 11, what is 192 + 50461?
50643
In base 10, what is 3007314 + -9?
3007305
In base 12, what is a36 - -12747?
13581
In base 8, what is 10500 - 141?
10337
In base 16, what is a0 + 1746?
17e6
In base 4, what is -133123003121200 + 1?
-133123003121133
In base 3, what is -10211222120111 + 101021?
-10211222012020
In base 12, what is 2 - 8555503?
-8555501
In base 12, what is 853 - 1bb5?
-1362
In base 10, what is 3 + 5771620?
5771623
In base 10, what is 3291186 - 5?
3291181
In base 10, what is -4653 - -4062?
-591
In base 11, what is -a584 - -28?
-a557
In base 8, what is 66 - 23631?
-23543
In base 16, what is -1 + 10afb8?
10afb7
In base 11, what is -4707420 + 11?
-470740a
In base 11, what is -9253 - -3463?
-58a0
In base 10, what is 97514939 - -6?
97514945
In base 11, what is -4 - 976657?
-976660
In base 10, what is -4563269 + -6?
-4563275
In base 9, what is -24033 + 82?
-23841
In base 16, what is -15b2d + d0?
-15a5d
In base 12, what is 0 + 1495913?
1495913
In base 14, what is -57a - -37740?
371a4
In base 16, what is -f9d0dad - 2?
-f9d0daf
In base 3, what is 220022112 + -200010?
212122102
In base 11, what is 2 + 542a2249?
542a2250
In base 2, what is 1100000101 + -10001100111010?
-10000000110101
In base 9, what is 3780 - -24373?
28263
In base 12, what is -5745a - -696?
-56984
In base 14, what is 5 - -39c2ca?
39c2d1
In base 11, what is -4780139 - -2?
-4780137
In base 9, what is -6 - -4215344?
4215337
In base 7, what is -214360 + 425?
-213632
In base 16, what is -aad - -196e?
ec1
In base 15, what is -10982364 - 3?
-10982367
In base 12, what is -2aa - 340300?
-3405aa
In base 6, what is -13531 + 12544?
-543
In base 7, what is -221 + 5544530?
5544306
In base 3, what is 1201101210 - 211200201?
212201002
In base 11, what is 7a35163 - 1?
7a35162
In base 5, what is -2 + 132304322441?
132304322434
In base 12, what is -1 - -5197b661?
5197b660
In base 11, what is -655476 + -385?
-655850
In base 13, what is -89 - 3c959a?
-3c9656
In base 4, what is 33 + -222200002300?
-222200002201
In base 4, what is 31 - -1133000131323?
1133000132020
In base 9, what is -7 - -257538628?
257538621
In base 5, what is -1234 + -21200223?
-21202012
In base 13, what is 29302c05 - -1?
29302c06
In base 5, what is -4 - -4002401020?
4002401011
In base 4, what is 20211111233 + 100?
20211111333
In base 8, what is 534003507 - -10?
534003517
In base 8, what is 1 + 15555531?
15555532
In base 9, what is -68805 - 7427?
-77333
In base 11, what is -270a2a2 + -2?
-270a2a4
In base 12, what is -4147b + -b7?
-41576
In base 9, what is -130 - -14007?
13767
In base 14, what is 10b0 + -204b?
-d7b
In base 6, what is -2034511240 + 4?
-2034511232
In base 10, what is 87 + 6839300?
6839387
In base 4, what is -2130221311320 + 13?
-2130221311301
In base 2, what is -11 + 11101000001100010101000?
11101000001100010100101
In base 3, what is -10000001 + -21201100011?
-21211100012
In base 2, what is -10110 + 10100110010100110011000011?
10100110010100110010101101
In base 13, what is 711a7b7 - 4?
711a7b3
In base 10, what is -16172857 + 2?
-16172855
In base 8, what is 27642 - 1774?
25646
In base 14, what is -4 + -1375db8?
-1375dbc
In base 9, what is 105116 - 13?
105103
In base 15, what is 3 - 8384c6?
-8384c3
In base 7, what is 46 - -120124364?
120124443
In base 4, what is -20 - -1002113231?
1002113211
In base 8, what is 16167 - 746?
15221
In base 10, what is -10576357 + -2?
-10576359
In base 15, what is 3c62 + 3dd9?
7b4b
In base 14, what is 169b2 + 290a?
194bc
In base 6, what is -2 + -151344412?
-151344414
In base 7, what is -363003 - -5135?
-354535
In base 2, what is -10010010010110010010001101 + -11?
-10010010010110010010010000
In base 2, what is 100101100010111 + 10110011?
100101111001010
In base 15, what is 46e5 - 2d5?
4410
In base 2, what is -1110011111000101101 - 101111?
-1110011111001011100
In base 8, what is -6 - 37617?
-37625
In base 3, what is -12210212100 - 12002?
-12211001102
In base 13, what is -c127293 - 1?
-c127294
In base 4, what is -102011332111 + 1?
-102011332110
In base 13, what is 2647bba + -3?
2647bb7
In base 12, what is -10a - -1340a9?
133b9b
In base 15, what is -6e - -126987?
126918
In base 13, what is -2 - 1ba3b3?
-1ba3b5
In base 12, what is 5135 + 201?
5336
In base 12, what is 0 - 1136978?
-1136978
In base 11, what is -4961 - 1992?
-6843
In base 8, what is 1764 + -1166017?
-1164033
In base 9, what is -3 + 15340806?
15340803
In base 10, what is 83772663 + 1?
83772664
In base 5, what is 20 + -440332322?
-440332302
In base 15, what is -66 + -1b02cb?
-1b0342
In base 10, what is 103 - -1177?
1280
In base 4, what is 2203 + 310200231?
310203100
In base 2, what is -10001101010010 - -1100001101?
-10000001000101
In base 14, what is -570 + 1ba46?
1b4b6
In base 14, what is -1a791 + 991?
-19c00
In base 15, what is -1747 + -579c?
-6ee4
In base 12, what is 0 + -8b117b66?
-8b117b66
In base 8, what is 1 + -343737430?
-343737427
In base 4, what is -1221010302 + -31?
-1221010333
In base 11, what is -274153581 - 2?
-274153583
In base 3, what is 1121020 + 1010010022?
1011201112
In base 5, what is -4013203002 - -311?
-4013202141
In base 4, what is -2 - 121231002322212?
-121231002322220
In base 9, what is 278 - -25365?
25654
In base 16, what is 1182 + f66?
20e8
In base 9, what is -6740 + -370?
-7220
In base 10, what is 15 - -5258199?
5258214
In base 4, what is -132032100031 + -11?
-132032100102
In base 6, what is 13252 - 21121?
-3425
In base 13, what is -785 - -25a3c?
25287
In base 9, what is 2473 + -244834?
-242351
In base 9, what is -5 + 2676213?
2676207
In base 5, what is 0 + -2224232414?
-2224232414
In base 12, what is 53 - -18b6a?
19001
In base 15, what is -3c - -11dbc9?
11db8c
In base 5, what is 10 - -24320433044?
24320433104
In base 7, what is -1363402 + -31?
-1363433
In base 5, what is -111 - -110313104?
110312443
In base 8, what is 3446 - 772?
2454
In base 11, what is 1 + -5051596?
-5051595
In base 15, what is 3 + 669b65?
669b68
In base 14, what is 203 + -163d5?
-161d2
In base 11, what is 1612 - -11826?
13338
In base 10, what is -25 + 54061?
54036
In base 16, what is 2504c - 8d5?
24777
In base 14, what is -22c0 - -48?
-2276
In base 4, what is -12003202312 + 10?
-12003202302
In base 11, what is 1207 + -5088?
-3981
In base 8, what is 37275 - -1343?
40640
In base 12, what is -b6b976 - -14?
-b6b962
In base 16, what is -c - -6279c?
62790
In base 6, what is -31 - 305342430?
-305342501
In base 13, what is ab - -2bc0a?
2bcb8
In base 8, what is 16 - -2020733?
2020751
In base 16, what is bf99f52 + -1?
bf99f51
In base 12, what is 16 + -1705065?
-170504b
In base 8, what is -242 + 1376310?
1376046
In base 5, what is 1133314 - -2001?
1140320
In base 16, what is -e96 + 98ba?
8a24
In ba